{"id":398,"date":"2024-11-29T23:35:10","date_gmt":"2024-11-29T23:35:10","guid":{"rendered":"https:\/\/decme.armesis.com\/?page_id=398"},"modified":"2024-11-30T01:46:58","modified_gmt":"2024-11-30T01:46:58","slug":"terminos-y-condiciones","status":"publish","type":"page","link":"https:\/\/decme.armesis.com\/index.php\/terminos-y-condiciones\/","title":{"rendered":"T\u00e9rminos y Condiciones"},"content":{"rendered":"<p>[et_pb_section fb_built=\u00bb1&#8243; fullwidth=\u00bbon\u00bb _builder_version=\u00bb4.27.3&#8243; _module_preset=\u00bbdefault\u00bb background_enable_image=\u00bboff\u00bb bottom_divider_style=\u00bbtriangle\u00bb bottom_divider_color=\u00bb#FFFFFF\u00bb bottom_divider_flip=\u00bbvertical\u00bb animation_style=\u00bbfade\u00bb global_colors_info=\u00bb{}\u00bb][et_pb_fullwidth_header title=\u00bbT\u00e9rminos y Condiciones\u00bb _builder_version=\u00bb4.27.3&#8243; _module_preset=\u00bbdefault\u00bb title_font=\u00bb|700|||||||\u00bb title_text_align=\u00bbcenter\u00bb title_font_size=\u00bb40px\u00bb title_letter_spacing=\u00bb1px\u00bb title_line_height=\u00bb1.1em\u00bb content_font=\u00bb|700|||||||\u00bb content_font_size=\u00bb16px\u00bb background_enable_color=\u00bboff\u00bb background_image=\u00bbhttps:\/\/decme.armesis.com\/wp-content\/uploads\/2024\/11\/FONDODOC.jpg\u00bb parallax=\u00bbon\u00bb custom_padding=\u00bb93px||183px||false|false\u00bb animation_style=\u00bbfade\u00bb title_text_shadow_style=\u00bbpreset1&#8243; title_text_shadow_blur_strength=\u00bb0.31em\u00bb title_text_shadow_color=\u00bb#000000&#8243; content_text_shadow_style=\u00bbpreset3&#8243; content_text_shadow_vertical_length=\u00bb0.04em\u00bb content_text_shadow_blur_strength=\u00bb0.46em\u00bb content_text_shadow_color=\u00bb#000000&#8243; global_colors_info=\u00bb{}\u00bb][\/et_pb_fullwidth_header][\/et_pb_section][et_pb_section fb_built=\u00bb1&#8243; _builder_version=\u00bb4.27.3&#8243; _module_preset=\u00bbdefault\u00bb custom_padding=\u00bb15px||0px||false|false\u00bb animation_style=\u00bbfade\u00bb animation_direction=\u00bbbottom\u00bb global_colors_info=\u00bb{}\u00bb][et_pb_row _builder_version=\u00bb4.27.3&#8243; _module_preset=\u00bbdefault\u00bb custom_padding=\u00bb||11px|||\u00bb hover_enabled=\u00bb0&#8243; global_colors_info=\u00bb{}\u00bb sticky_enabled=\u00bb0&#8243;][et_pb_column type=\u00bb4_4&#8243; _builder_version=\u00bb4.27.3&#8243; _module_preset=\u00bbdefault\u00bb hover_enabled=\u00bb0&#8243; global_colors_info=\u00bb{}\u00bb sticky_enabled=\u00bb0&#8243;][et_pb_text _builder_version=\u00bb4.27.3&#8243; _module_preset=\u00bbdefault\u00bb custom_margin=\u00bb0px||0px||false|false\u00bb custom_padding=\u00bb0px||0px||false|false\u00bb hover_enabled=\u00bb0&#8243; global_colors_info=\u00bb{}\u00bb text_text_color=\u00bb#000000&#8243; sticky_enabled=\u00bb0&#8243;]<\/p>\n<p style=\"text-align: justify;\"><strong>1. Definiciones<\/strong><\/p>\n<p style=\"text-align: justify;\">1.1 <strong>GRUPO DECME<\/strong>: Se refiere a la empresa propietaria del sitio web y los productos ofrecidos.<br \/>1.2 <strong>Usuario<\/strong>: Toda persona que acceda al sitio web y\/o adquiera productos o servicios.<br \/>1.3 <strong>Productos<\/strong>: Art\u00edculos de electr\u00f3nica y accesorios comercializados por GRUPO DECME.<\/p>\n<hr \/>\n<p style=\"text-align: justify;\"><strong>2. Uso del Sitio Web<\/strong><\/p>\n<p style=\"text-align: justify;\">2.1 El uso del sitio est\u00e1 reservado a mayores de 18 a\u00f1os o menores con la supervisi\u00f3n de un adulto.<br \/>2.2 Queda prohibido utilizar este sitio para fines ilegales, fraudulentos o que da\u00f1en a GRUPO DECME o a terceros.<\/p>\n<hr \/>\n<p style=\"text-align: justify;\"><strong>3. Precios y Promociones<\/strong><\/p>\n<p style=\"text-align: justify;\">3.1 Todos los precios est\u00e1n expresados en pesos mexicanos e incluyen los impuestos correspondientes.<br \/>3.2 Las promociones son v\u00e1lidas \u00fanicamente durante el per\u00edodo indicado y pueden estar sujetas a t\u00e9rminos adicionales.<\/p>\n<hr \/>\n<p style=\"text-align: justify;\"><strong>4. Proceso de Compra<\/strong><\/p>\n<p style=\"text-align: justify;\">4.1 Para realizar una compra, el usuario debe completar los pasos indicados en el sitio web, incluyendo el registro de sus datos personales.<br \/>4.2 Una vez confirmado el pago, recibir\u00e1s un correo electr\u00f3nico con los detalles de tu pedido.<\/p>\n<hr \/>\n<p style=\"text-align: justify;\"><strong>5. Formas de Pago<\/strong><\/p>\n<p style=\"text-align: justify;\">5.1 GRUPO DECME acepta tarjetas de cr\u00e9dito y d\u00e9bito.<br \/>5.2 Todas las transacciones est\u00e1n sujetas a verificaci\u00f3n de seguridad.<\/p>\n<hr \/>\n<p style=\"text-align: justify;\"><strong>6. Env\u00edos y Entregas<\/strong><\/p>\n<p style=\"text-align: justify;\">6.1 El env\u00edo de los productos est\u00e1 disponible en C\u00f3rdoba, Orizaba y regiones aleda\u00f1as, los costos ser\u00e1n detallados al momento de la compra.<br \/>6.2 Los plazos de entrega pueden variar seg\u00fan la ubicaci\u00f3n del cliente y disponibilidad del producto.<br \/>6.3 GRUPO DECME no se hace responsable por retrasos ocasionados por causas externas (ej.: clima, huelgas, etc.).<\/p>\n<hr \/>\n<p style=\"text-align: justify;\"><strong>7. Garant\u00edas y Devoluciones<\/strong><\/p>\n<p style=\"text-align: justify;\">7.1 Todos los productos cuentan con una garant\u00eda de 3o d\u00edas contra defectos de fabricaci\u00f3n.<br \/>7.2 Para solicitar una devoluci\u00f3n o cambio, es necesario cumplir con las condiciones establecidas.<br \/>7.3 GRUPO DECME no aceptar\u00e1 devoluciones por da\u00f1o causado por uso indebido o instalaci\u00f3n incorrecta del producto.<\/p>\n<hr \/>\n<p style=\"text-align: justify;\"><strong>8. Propiedad Intelectual<\/strong><\/p>\n<p style=\"text-align: justify;\">8.1 Todo el contenido del sitio web (textos, im\u00e1genes, logotipos, etc.) es propiedad de GRUPO DECME y est\u00e1 protegido por leyes de derechos de autor.<br \/>8.2 Est\u00e1 prohibida la reproducci\u00f3n total o parcial sin autorizaci\u00f3n previa.<\/p>\n<hr \/>\n<p style=\"text-align: justify;\"><strong>9. Protecci\u00f3n de Datos Personales<\/strong><\/p>\n<p style=\"text-align: justify;\">9.1 GRUPO DECME recopila y utiliza tus datos personales conforme a nuestro <strong>Aviso\u00a0de Privacidad.<\/strong><br \/>9.2 Nos comprometemos a proteger tu informaci\u00f3n y a no compartirla con terceros sin tu consentimiento.<\/p>\n<hr \/>\n<p style=\"text-align: justify;\"><strong>10. Limitaci\u00f3n de Responsabilidad<\/strong><\/p>\n<p style=\"text-align: justify;\">10.1 GRUPO DECME no ser\u00e1 responsable por da\u00f1os directos, indirectos o consecuentes derivados del uso de los productos o servicios.<\/p>\n<hr \/>\n<p style=\"text-align: justify;\"><strong>11. Modificaciones a los T\u00e9rminos y Condiciones<\/strong><\/p>\n<p style=\"text-align: justify;\">11.1 GRUPO DECME se reserva el derecho de modificar estos t\u00e9rminos en cualquier momento. Los cambios ser\u00e1n publicados en este sitio web y entrar\u00e1n en vigor al momento de su publicaci\u00f3n.<\/p>\n<hr \/>\n<p style=\"text-align: justify;\"><strong>12. Contacto<\/strong><\/p>\n<p style=\"text-align: justify;\">Para cualquier consulta, duda o comentario sobre estos T\u00e9rminos y Condiciones, cont\u00e1ctanos a trav\u00e9s de:<\/p>\n<ul>\n<li style=\"text-align: justify;\"><strong>Correo electr\u00f3nico:<\/strong> <span style=\"color: #000000;\"><a href=\"mailto:clientes@grupodecme.com.mx\">clientes@grupodecme.com.mx<\/a><\/span><\/li>\n<li style=\"text-align: justify;\"><strong style=\"font-size: 14px;\">Tel\u00e9fono:<\/strong><span style=\"font-size: 14px;\"> 554 624 4515<\/span><\/li>\n<\/ul>\n<p>[\/et_pb_text][\/et_pb_column][\/et_pb_row][\/et_pb_section][et_pb_section fb_built=\u00bb1&#8243; _builder_version=\u00bb4.27.3&#8243; _module_preset=\u00bbdefault\u00bb custom_padding=\u00bb14px||19px|||\u00bb animation_style=\u00bbfade\u00bb global_module=\u00bb405&#8243; global_colors_info=\u00bb{}\u00bb][et_pb_row _builder_version=\u00bb4.27.2&#8243; _module_preset=\u00bbdefault\u00bb global_colors_info=\u00bb{}\u00bb][et_pb_column type=\u00bb4_4&#8243; _builder_version=\u00bb4.27.2&#8243; _module_preset=\u00bbdefault\u00bb global_colors_info=\u00bb{}\u00bb][et_pb_divider color=\u00bb#335fca\u00bb divider_weight=\u00bb7px\u00bb _builder_version=\u00bb4.27.2&#8243; _module_preset=\u00bbdefault\u00bb module_alignment=\u00bbcenter\u00bb custom_margin=\u00bb||-14px|||\u00bb global_colors_info=\u00bb{}\u00bb][\/et_pb_divider][\/et_pb_column][\/et_pb_row][et_pb_row column_structure=\u00bb1_3,1_3,1_3&#8243; _builder_version=\u00bb4.27.3&#8243; _module_preset=\u00bbdefault\u00bb custom_padding=\u00bb0px||0px||false|false\u00bb global_colors_info=\u00bb{}\u00bb][et_pb_column type=\u00bb1_3&#8243; _builder_version=\u00bb4.27.3&#8243; _module_preset=\u00bbdefault\u00bb global_colors_info=\u00bb{}\u00bb][et_pb_text _builder_version=\u00bb4.27.3&#8243; _module_preset=\u00bbdefault\u00bb text_line_height=\u00bb2em\u00bb custom_margin=\u00bb|-23px||35px|false|false\u00bb global_colors_info=\u00bb{}\u00bb]<\/p>\n<p style=\"text-align: justify;\"><span style=\"color: #000000;\"><strong style=\"font-size: 14px;\">Tel\u00e9fono:<\/strong><span style=\"font-size: 14px;\"> 554 624 4515<\/span><\/span><\/p>\n<div class=\"col-12 mt-2\" style=\"text-align: justify;\">\n<p class=\"text p\"><span style=\"color: #000000;\"><b>Correo:\u00a0<\/b>clientes@grupodecme.com.mx<\/span><\/p>\n<\/div>\n<div class=\"col-12 mt-2\">\n<p class=\"text p\" style=\"text-align: justify;\"><span style=\"color: #000000;\"><b>Direcci\u00f3n:\u00a0<\/b><a href=\"https:\/\/goo.gl\/maps\/9jAVZPxFLg3foTuF7\" target=\"_blank\" rel=\"noopener noreferrer\" style=\"color: #000000;\">Av.11 #2223-A, Col. del Maestro,<br \/>C.P. 94550 C\u00f3rdoba, Ver.<\/a><\/span><\/p>\n<\/div>\n<p>[\/et_pb_text][et_pb_icon font_icon=\u00bb&#xf879;||fa||900&#8243; icon_color=\u00bb#0C71C3&#8243; icon_width=\u00bb20px\u00bb _builder_version=\u00bb4.27.3&#8243; _module_preset=\u00bbdefault\u00bb transform_translate=\u00bb-135px|-138px\u00bb transform_translate_linked=\u00bboff\u00bb global_colors_info=\u00bb{}\u00bb][\/et_pb_icon][\/et_pb_column][et_pb_column type=\u00bb1_3&#8243; _builder_version=\u00bb4.27.3&#8243; _module_preset=\u00bbdefault\u00bb global_colors_info=\u00bb{}\u00bb][et_pb_image src=\u00bbhttps:\/\/decme.armesis.com\/wp-content\/uploads\/2024\/10\/decmelogo.webp\u00bb title_text=\u00bbdecmelogo\u00bb align=\u00bbcenter\u00bb _builder_version=\u00bb4.27.3&#8243; _module_preset=\u00bbdefault\u00bb width=\u00bb80%\u00bb global_colors_info=\u00bb{}\u00bb][\/et_pb_image][et_pb_icon font_icon=\u00bb&#xe076;||divi||400&#8243; icon_color=\u00bb#0C71C3&#8243; icon_width=\u00bb20px\u00bb _builder_version=\u00bb4.27.3&#8243; _module_preset=\u00bbdefault\u00bb transform_translate=\u00bb-490px|-120px\u00bb transform_translate_linked=\u00bboff\u00bb global_colors_info=\u00bb{}\u00bb][\/et_pb_icon][\/et_pb_column][et_pb_column type=\u00bb1_3&#8243; _builder_version=\u00bb4.27.3&#8243; _module_preset=\u00bbdefault\u00bb global_colors_info=\u00bb{}\u00bb][et_pb_blurb title=\u00bbAyuda\u00bb _builder_version=\u00bb4.27.3&#8243; _module_preset=\u00bbdefault\u00bb header_font=\u00bb|600|||||||\u00bb header_text_align=\u00bbleft\u00bb header_font_size=\u00bb17px\u00bb body_text_align=\u00bbright\u00bb body_line_height=\u00bb0.8em\u00bb custom_margin=\u00bb|||-19px||\u00bb global_colors_info=\u00bb{}\u00bb]<\/p>\n<p style=\"text-align: left;\"><a href=\"https:\/\/decme.armesis.com\/index.php\/aviso-de-privacidad\/\"><span style=\"color: #000000;\">Aviso de Privacidad<\/span><\/a><\/p>\n<p style=\"text-align: left;\"><a href=\"https:\/\/decme.armesis.com\/index.php\/preguntas-frecuentes\/\"><span style=\"color: #000000;\">Preguntas Frecuentes<\/span><\/a><\/p>\n<p style=\"text-align: left;\"><a href=\"https:\/\/decme.armesis.com\/index.php\/terminos-y-condiciones\/\"><span style=\"color: #000000;\">T\u00e9rminos y Condiciones<\/span><\/a><\/p>\n<p style=\"text-align: left;\"><a href=\"https:\/\/decme.armesis.com\/index.php\/facturacion\/\"><span style=\"color: #000000;\">Facturaci\u00f3n<\/span><\/a><\/p>\n<p>[\/et_pb_blurb][et_pb_blurb title=\u00bbAcerca de\u00bb _builder_version=\u00bb4.27.3&#8243; _module_preset=\u00bbdefault\u00bb header_font=\u00bb|600|||||||\u00bb header_text_align=\u00bbleft\u00bb header_font_size=\u00bb17px\u00bb body_text_align=\u00bbright\u00bb body_line_height=\u00bb0.8em\u00bb transform_translate=\u00bb205px|-142px\u00bb transform_translate_linked=\u00bboff\u00bb global_colors_info=\u00bb{}\u00bb]<\/p>\n<p style=\"text-align: left;\"><a href=\"https:\/\/decme.armesis.com\/\"><span style=\"color: #000000;\">Inicio<\/span><\/a><\/p>\n<p style=\"text-align: left;\"><a href=\"https:\/\/decme.armesis.com\/index.php\/marcas\/\"><span style=\"color: #000000;\">Marcas<\/span><\/a><\/p>\n<p style=\"text-align: left;\"><a href=\"https:\/\/decme.armesis.com\/index.php\/nosotros\/\"><span style=\"color: #000000;\">Nosotros<\/span><\/a><\/p>\n<p style=\"text-align: left;\"><a href=\"https:\/\/decme.armesis.com\/index.php\/contacto\/\"><span style=\"color: #000000;\">Contacto<\/span><\/a><\/p>\n<p>[\/et_pb_blurb][et_pb_icon font_icon=\u00bb&#xe081;||divi||400&#8243; icon_color=\u00bb#0C71C3&#8243; icon_width=\u00bb20px\u00bb _builder_version=\u00bb4.27.3&#8243; _module_preset=\u00bbdefault\u00bb transform_translate=\u00bb-846px|-195px\u00bb transform_translate_linked=\u00bboff\u00bb custom_margin=\u00bb||-141px|||\u00bb global_colors_info=\u00bb{}\u00bb][\/et_pb_icon][\/et_pb_column][\/et_pb_row][\/et_pb_section]<\/p>\n","protected":false},"excerpt":{"rendered":"<p>1. Definiciones 1.1 GRUPO DECME: Se refiere a la empresa propietaria del sitio web y los productos ofrecidos.1.2 Usuario: Toda persona que acceda al sitio web y\/o adquiera productos o servicios.1.3 Productos: Art\u00edculos de electr\u00f3nica y accesorios comercializados por GRUPO DECME. 2. Uso del Sitio Web 2.1 El uso del sitio est\u00e1 reservado a mayores [&hellip;]<\/p>\n","protected":false},"author":1,"featured_media":0,"parent":0,"menu_order":0,"comment_status":"closed","ping_status":"closed","template":"","meta":{"_et_pb_use_builder":"on","_et_pb_old_content":"<!-- wp:divi\/placeholder \/-->","_et_gb_content_width":"","footnotes":""},"class_list":["post-398","page","type-page","status-publish","hentry"],"_links":{"self":[{"href":"https:\/\/decme.armesis.com\/index.php\/wp-json\/wp\/v2\/pages\/398","targetHints":{"allow":["GET"]}}],"collection":[{"href":"https:\/\/decme.armesis.com\/index.php\/wp-json\/wp\/v2\/pages"}],"about":[{"href":"https:\/\/decme.armesis.com\/index.php\/wp-json\/wp\/v2\/types\/page"}],"author":[{"embeddable":true,"href":"https:\/\/decme.armesis.com\/index.php\/wp-json\/wp\/v2\/users\/1"}],"replies":[{"embeddable":true,"href":"https:\/\/decme.armesis.com\/index.php\/wp-json\/wp\/v2\/comments?post=398"}],"version-history":[{"count":5,"href":"https:\/\/decme.armesis.com\/index.php\/wp-json\/wp\/v2\/pages\/398\/revisions"}],"predecessor-version":[{"id":452,"href":"https:\/\/decme.armesis.com\/index.php\/wp-json\/wp\/v2\/pages\/398\/revisions\/452"}],"wp:attachment":[{"href":"https:\/\/decme.armesis.com\/index.php\/wp-json\/wp\/v2\/media?parent=398"}],"curies":[{"name":"wp","href":"https:\/\/api.w.org\/{rel}","templated":true}]}}